4 is divided by 435.
169
Calculate the remainder when 2090 is divided by 257.
34
Calculate the remainder when 78 is divided by 45.
33
What is the remainder when 177 is divided by 105?
72
What is the remainder when 1072 is divided by 534?
4
What is the remainder when 1119 is divided by 14?
13
Calculate the remainder when 1886 is divided by 32.
30
What is the remainder when 566 is divided by 20?
6
Calculate the remainder when 430 is divided by 151.
128
Calculate the remainder when 268 is divided by 45.
43
What is the remainder when 1181 is divided by 306?
263
Calculate the remainder when 397 is divided by 144.
109
What is the remainder when 90 is divided by 32?
26
Calculate the remainder when 258 is divided by 44.
38
Calculate the remainder when 96 is divided by 9.
6
What is the remainder when 149 is divided by 10?
9
Calculate the remainder when 4606 is divided by 2298.
10
Calculate the remainder when 25118 is divided by 20.
18
Calculate the remainder when 340 is divided by 156.
28
Calculate the remainder when 722 is divided by 122.
112
Calculate the remainder when 2308 is divided by 16.
4
Calculate the remainder when 590 is divided by 16.
14
Calculate the remainder when 2652 is divided by 45.
42
What is the remainder when 67 is divided by 6?
1
What is the remainder when 83 is divided by 14?
13
What is the remainder when 1109 is divided by 262?
61
Calculate the remainder when 28 is divided by 3.
1
Calculate the remainder when 21380 is divided by 18.
14
What is the remainder when 396 is divided by 173?
50
What is the remainder when 64 is divided by 33?
31
What is the remainder when 11256 is divided by 26?
24
What is the remainder when 4413 is divided by 23?
20
Calculate the remainder when 1474 is divided by 211.
208
What is the remainder when 215 is divided by 16?
7
Calculate the remainder when 107 is divided by 81.
26
What is the remainder when 885 is divided by 127?
123
Calculate the remainder when 1364 is divided by 354.
302
What is the remainder when 599 is divided by 200?
199
What is the remainder when 55 is divided by 17?
4
What is the remainder when 1901 is divided by 119?
116
What is the remainder when 450 is divided by 112?
2
Calculate the remainder when 354 is divided by 30.
24
Calculate the remainder when 136 is divided by 29.
20
Calculate the remainder when 83 is divided by 48.
35
What is the remainder when 533 is divided by 114?
77
What is the remainder when 322 is divided by 27?
25
What is the remainder when 141 is divided by 27?
6
What is the remainder when 24 is divided by 10?
4
What is the remainder when 115 is divided by 30?
25
Calculate the remainder when 1018 is divided by 340.
338
What is the remainder when 410 is divided by 183?
44
Calculate the remainder when 229 is divided by 53.
17
Calculate the remainder when 368 is divided by 51.
11
What is the remainder when 505 is divided by 119?
29
Calculate the remainder when 635 is divided by 13.
11
What is the remainder when 407 is divided by 4?
3
Calculate the remainder when 11087 is divided by 33.
32
Calculate the remainder when 2210 is divided by 117.
104
Calculate the remainder when 3409 is divided by 62.
61
Calculate the remainder when 888 is divided by 215.
28
What is the remainder when 153 is divided by 48?
9
Calculate the remainder when 195 is divided by 14.
13
What is the remainder when 643 is divided by 151?
39
Calculate the remainder when 1518 is divided by 191.
181
What is the remainder when 1901 is divided by 14?
11
What is the remainder when 931 is divided by 44?
7
Calculate the remainder when 4522 is divided by 52.
50
What is the remainder when 2444 is divided by 24?
20
What is the remainder when 79 is divided by 16?
15
Calculate the remainder when 426 is divided by 109.
99
Calculate the remainder when 104023 is divided by 475.
473
Calculate the remainder when 16066 is divided by 12.
10
What is the remainder when 33 is divided by 20?
13
What is the remainder when 646 is divided by 25?
21
Calculate the remainder when 365 is divided by 8.
5
Calculate the remainder when 753 is divided by 97.
74
What is the remainder when 800 is divided by 160?
0
Calculate the remainder when 394 is divided by 6.
4
Calculate the remainder when 6381 is divided by 51.
6
Calculate the remainder when 195 is divided by 22.
19
Calculate the remainder when 1556 is divided by 777.
2
Calculate the remainder when 328 is divided by 30.
28
Calculate the remainder when 103 is divided by 19.
8
What is the remainder when 427 is divided by 33?
31
Calculate the remainder when 3477 is divided by 869.
1
Calculate the remainder when 1036 is divided by 166.
40
What is the remainder when 1731 is divided by 288?
3
Calculate the remainder when 692 is divided by 87.
83
What is the remainder when 332 is divided by 113?
106
What is the remainder when 268 is divided by 16?
12
Calculate the remainder when 509 is divided by 64.
61
Calculate the remainder when 58 is divided by 30.
28
Calculate the remainder when 2041 is divided by 2028.
13
Calculate the remainder when 3391 is divided by 1125.
16
What is the remainder when 19 is divided by 4?
3
What is the remainder when 2146 is divided by 241?
218
Calculate the remainder when 744 is divided by 22.
18
What is the remainder when 1174 is divided by 36?
22
Calculate the remainder when 10828 is divided by 3604.
16
Calculate the remainder when 2075 is divided by 16.
11
What is the remainder when 56 is divided by 39?
17
What is the remainder when 107 is divided by 55?
52
Calculate the remainder when 3581 is divided by 595.
11
What is the remainder when 1098 is divided by 48?
42
Calculate the remainder when 110 is divided by 62.
48
Calculate the remainder when 1308 is divided by 330.
318
What is the remainder when 1098 is divided by 25?
23
Calculate the remainder when 440 is divided by 49.
48
Calculate the remainder when 33 is divided by 9.
6
What is the remainder when 36 is divided by 3?
0
Calculate the remainder when 221 is divided by 6.
5
Calculate the remainder when 82 is divided by 30.
22
What is the remainder when 15309 is divided by 232?
229
What is the remainder when 1357 is divided by 311?
113
Calculate the remainder when 258 is divided by 24.
18
What is the remainder when 17704 is divided by 14?
8
Calculate the remainder when 136 is divided by 32.
8
What is the remainder when 3333 is divided by 29?
27
What is the remainder when 169 is divided by 7?
1
Calculate the remainder when 443 is divided by 26.
1
Calculate the remainder when 1299 is divided by 348.
255
What is the remainder when 169 is divided by 61?
47
What is the remainder when 3454 is divided by 16?
14
Calculate the remainder when 702 is divided by 22.
20
What is the remainder when 3471 is divided by 11?
6
Calculate the remainder when 619 is divided by 80.
59
Calculate the remainder when 1151 is divided by 128.
127
What is the remainder when 1338 is divided by 221?
12
What is the remainder when 90 is divided by 35?
20
What is the remainder when 409 is divided by 52?
45
Calculate the remainder when 2110 is divided by 96.
94
Calculate the remainder when 4291 is divided by 17.
7
What is the remainder when 112 is divided by 41?
30
Calculate the remainder when 178 is divided by 168.
10
What is the remainder when 2237 is divided by 40?
37
Calculate the remainder when 102 is divided by 35.
32
What is the remainder when 1459 is divided by 34?
31
Calculate the remainder when 4722 is divided by 135.
132
Calculate the remainder when 72 is divided by 3.
0
What is the remainder when 720 is divided by 29?
24
Calculate the remainder when 115 is divided by 11.
5
What is the remainder when 1357 is divided by 16?
13
What is the remainder when 310 is divided by 157?
153
Calculate the remainder when 233 is divided by 40.
33
Calculate the remainder when 472 is divided by 95.
92
Calculate the remainder when 2791 is divided by 2772.
19
What is the remainder when 274 is divided by 71?
61
Calculate the remainder when 468 is divided by 142.
42
Calculate the remainder when 17 is divided by 4.
1
What is the remainder when 5015 is divided by 114?
113
What is the remainder when 334 is divided by 68?
62
What is the remainder when 483 is divided by 161?
0
What is the remainder when 210 is divided by 18?
12
Calculate the remainder whe